9?
2
What is the units digit of 911785?
5
What is the thousands digit of 166779?
6
What is the hundred thousands digit of 1495695?
4
What is the tens digit of 405577?
7
What is the hundred thousands digit of 917629?
9
What is the hundreds digit of 45080?
0
What is the millions digit of 5916030?
5
What is the units digit of 30192958?
8
What is the ten thousands digit of 3484065?
8
What is the millions digit of 2698360?
2
What is the millions digit of 2775434?
2
What is the thousands digit of 4937805?
7
What is the thousands digit of 1142254?
2
What is the tens digit of 700316?
1
What is the millions digit of 4847937?
4
What is the units digit of 1031979?
9
What is the ten thousands digit of 41630?
4
What is the ten thousands digit of 515843?
1
What is the units digit of 351864?
4
What is the units digit of 8080133?
3
What is the ten thousands digit of 5272123?
7
What is the hundreds digit of 918012?
0
What is the hundreds digit of 466127?
1
What is the ten thousands digit of 15966?
1
What is the hundred thousands digit of 21858684?
8
What is the millions digit of 1414579?
1
What is the hundred thousands digit of 247114?
2
What is the tens digit of 99429?
2
What is the tens digit of 2709643?
4
What is the units digit of 2304381?
1
What is the hundred thousands digit of 308298?
3
What is the hundreds digit of 44368?
3
What is the units digit of 409810?
0
What is the tens digit of 387399?
9
What is the hundreds digit of 830831?
8
What is the thousands digit of 533991?
3
What is the hundreds digit of 25889715?
7
What is the millions digit of 3396282?
3
What is the tens digit of 479635?
3
What is the hundred thousands digit of 342363?
3
What is the units digit of 2861543?
3
What is the units digit of 3797002?
2
What is the millions digit of 10253031?
0
What is the units digit of 17128262?
2
What is the hundred thousands digit of 1999198?
9
What is the ten thousands digit of 687686?
8
What is the thousands digit of 6514493?
4
What is the ten millions digit of 11347971?
1
What is the thousands digit of 6510217?
0
What is the units digit of 5974980?
0
What is the thousands digit of 477582?
7
What is the hundred thousands digit of 21059490?
0
What is the ten thousands digit of 20232?
2
What is the units digit of 4218?
8
What is the units digit of 1463364?
4
What is the thousands digit of 250817?
0
What is the hundred thousands digit of 392521?
3
What is the hundreds digit of 10410950?
9
What is the units digit of 38414?
4
What is the tens digit of 583707?
0
What is the tens digit of 1723162?
6
What is the thousands digit of 842711?
2
What is the units digit of 7427079?
9
What is the millions digit of 5153977?
5
What is the hundreds digit of 26626656?
6
What is the tens digit of 443476?
7
What is the thousands digit of 2054788?
4
What is the ten thousands digit of 427281?
2
What is the millions digit of 1405671?
1
What is the ten thousands digit of 2520912?
2
What is the hundreds digit of 114245?
2
What is the millions digit of 10680949?
0
What is the thousands digit of 515043?
5
What is the units digit of 125286?
6
What is the hundreds digit of 16469?
4
What is the ten thousands digit of 4814397?
1
What is the hundreds digit of 13732200?
2
What is the hundreds digit of 195967?
9
What is the thousands digit of 3323888?
3
What is the ten thousands digit of 6185095?
8
What is the units digit of 6995748?
8
What is the hundreds digit of 441369?
3
What is the ten millions digit of 21407858?
2
What is the tens digit of 2633350?
5
What is the hundred thousands digit of 1083883?
0
What is the millions digit of 2185825?
2
What is the hundreds digit of 277623?
6
What is the ten millions digit of 12397907?
1
What is the millions digit of 6729120?
6
What is the thousands digit of 864035?
4
What is the thousands digit of 257849?
7
What is the tens digit of 5388027?
2
What is the hundreds digit of 2034821?
8
What is the units digit of 3113636?
6
What is the ten thousands digit of 833934?
3
What is the hundreds digit of 1230983?
9
What is the ten thousands digit of 6208182?
0
What is the hundred thousands digit of 140219?
1
What is the thousands digit of 5504592?
4
What is the thousands digit of 665602?
5
What is the ten thousands digit of 3170697?
7
What is the hundred thousands digit of 489621?
4
What is the hundreds digit of 47551?
5
What is the millions digit of 1292163?
1
What is the hundreds digit of 2162727?
7
What is the ten thousands digit of 100448?
0
What is the hundreds digit of 495994?
9
What is the hundred thousands digit of 899244?
8
What is the millions digit of 2440886?
2
What is the ten thousands digit of 445643?
4
What is the ten thousands digit of 7411408?
1
What is the hundred thousands digit of 1373501?
3
What is the units digit of 4592600?
0
What is the ten millions digit of 10010006?
1
What is the ten thousands digit of 6524984?
2
What is the tens digit of 231949?
4
What is the hundreds digit of 41732?
7
What is the hundred thousands digit of 2502369?
5
What is the tens digit of 8097083?
8
What is the hundred thousands digit of 2482901?
4
What is the millions digit of 3453067?
3
What is the hundreds digit of 599834?
8
What is the tens digit of 211225?
2
What is the hundred thousands digit of 524271?
5
What is the thousands digit of 143542?
3
What is the units digit of 6885098?
8
What is the hundreds digit of 5567830?
8
What is the tens digit of 489640?
4
What is the thousands digit of 661942?
1
What is the ten thousands digit of 19443?
1
What is the ten thousands digit of 940966?
4
What is the hundred thousands digit of 417568?
4
What is the ten thousands digit of 844243?
4
What is the thousands digit of 488213?
8
What is the hundred thousands digit of 242406?
2
What is the hundred thousands digit of 3025377?
0
What is the units digit of 170599?
9
What is the thousands digit of 242220?
2
What is the thousands digit of 552171?
2
What is the hundreds digit of 55464?
4
What is the ten thousands digit of 219078?
1
What is the millions digit of 14520381?
4
What is the thousands digit of 12717223?
7
What is the hundreds digit of 1563170?
1
What is the tens digit of 122854?
5
What is the millions digit of 3290198?
3
What is the ten thousands digit of 13202628?
0
What is the hundred thousands digit of 3453902?
4
What is the units digit of 17980?
0
What is the thousands digit of 3342842?
2
What is the ten thousands digit of 21868049?
6
What is the ten thousands digit of 630010?
3
What is the hundred thousands digit of 197624?
1
What is the hundreds digit of 9950803?
8
What is the ten millions digit of 36789619?
3
What is the thousands digit of 769834?
9
What is the hundreds digit of 497692?
6
What is the hundred thousands digit of 780775?
7
What is the hundreds digit of 28914?
9
What is the hundred thousands digit of 768427?
7
What is the ten thousands digit of 420466?
2
What is the hundred thousands digit of 1301840?
3
What is the units digit of 96313?
3
What is the tens digit of 10096533?
3
What is the units digit of 17986954?
4
What is the ten thousands digit of 10202147?
0
What is the hundred thousands digit of 123386?
1
What is the hundreds digit of 198535?
5
What is the tens digit of 3572790?
9
What is the units digit of 710845?
5
What is the hundreds digit of 75792?
7
What is the thousands digit of 139542?
9
What is the ten thousands digit of 2277090?
7
What is the ten thousands digit of 8705819?
0
What is the thousands digit of 20984507?
4
What is the tens digit of 242487?
8
What is the thousands digit of 586021?
6
What is the units digit of 2242504?
4
What is the tens digit of 1865550?
5
What is the thousands digit of 3191394?
1
What is the hundred thousands digit of 18953155?
9
What is the hundreds digit of 653604?
6
What is the ten thousands digit of 35406?
3
What is the hundred thousands digit of 8443548?
4
What is the hundreds digit of 21012382?
3
What is the millions digit of 2043673?
2
What is the hundred thousands digit of 1423702?
4
What is the tens digit of 5023062?
6
What is the hundred thousands digit of 2586733?
5
What is the units digit of 1316474?
4
What is the ten thousands digit of 842562?
4
What is the units digit of 369367?
7
What is the hundreds digit of 32119738?
7
What is the hundred thousands digit of 11650246?
6
What 